 8168442721 prime?
False
Is 2008720201 prime?
True
Is 50039222801 a composite number?
False
Is 2033945657 a prime number?
True
Is 4974598261 a prime number?
False
Is 3535952999 prime?
False
Is 45817591 composite?
True
Is 161486411 composite?
False
Is 376853431 composite?
False
Is 125029078465 prime?
False
Is 13635111473 a prime number?
False
Is 1283883659 a prime number?
False
Is 14981753987 prime?
False
Is 10695659165 composite?
True
Is 1218088699 a composite number?
False
Is 1582652659 a prime number?
False
Is 5107439517 composite?
True
Is 25386824473 a prime number?
True
Is 29780539 a composite number?
True
Is 2970526217 a composite number?
False
Is 16598666971 a prime number?
True
Is 3576458539 prime?
True
Is 2304498979 prime?
True
Is 188784707 composite?
False
Is 2764213009 a prime number?
True
Is 122962431286 a composite number?
True
Is 3363090641 prime?
False
Is 23601497071 composite?
True
Is 79010378 composite?
True
Is 8423643677 a composite number?
True
Is 107167824289 a prime number?
True
Is 509392747 a composite number?
True
Is 9244358093 prime?
False
Is 221871659 a composite number?
False
Is 54233262517 prime?
False
Is 137340473 composite?
True
Is 6974728849 a composite number?
True
Is 1143455041 prime?
False
Is 700282019 composite?
False
Is 1286324107 composite?
True
Is 5100621187 a composite number?
True
Is 52238122639 prime?
True
Is 6912060895 composite?
True
Is 16589570957 prime?
True
Is 34443173263 prime?
False
Is 14702216779 a composite number?
True
Is 393175291 prime?
True
Is 2343200059 a composite number?
False
Is 6621209915 a composite number?
True
Is 61495823 a composite number?
False
Is 4166416789 composite?
True
Is 27555884653 a composite number?
True
Is 5731410569 composite?
False
Is 3895054019 a prime number?
True
Is 2582894357 composite?
False
Is 155365551321 a composite number?
True
Is 2779264339 prime?
False
Is 129955563431 a composite number?
True
Is 164967157 a composite number?
False
Is 693657043 prime?
False
Is 25805169077 prime?
True
Is 67598385058 prime?
False
Is 59550688979 prime?
True
Is 375901913 a prime number?
False
Is 9569126353 prime?
True
Is 2102714179 prime?
False
Is 27767996057 a composite number?
False
Is 1463082893 composite?
False
Is 22523220227 a composite number?
False
Is 29632423273 composite?
False
Is 14641114603 prime?
True
Is 6716780859 a composite number?
True
Is 33175493099 a prime number?
False
Is 6342304483 a composite number?
True
Is 15024400117 a prime number?
True
Is 12304933541 a prime number?
True
Is 14067608489 composite?
True
Is 1994838119 a composite number?
False
Is 769103947 composite?
True
Is 612082799 a prime number?
True
Is 223178493133 a prime number?
False
Is 876654349 prime?
False
Is 484332193 prime?
False
Is 26258635577 composite?
False
Is 1571180141 prime?
True
Is 2270052539 prime?
False
Is 30561086639 composite?
False
Is 379321213 composite?
True
Is 39242594201 a prime number?
False
Is 695319143 prime?
True
Is 868222235 a composite number?
True
Is 6193763663 prime?
False
Is 17713469513 composite?
False
Is 2120197657 composite?
True
Is 1468828741 a prime number?
False
Is 38000797553 a composite number?
False
Is 10481972689 a prime number?
False
Is 400313609 composite?
False
Is 1362328199 a prime number?
False
Is 5435666219 prime?
True
Is 49861879 a prime number?
True
Is 172117428293 a composite number?
True
Is 1605533651 a prime number?
True
Is 3298895117 a composite number?
True
Is 24675852827 prime?
False
Is 75636675566 composite?
True
Is 12616919209 composite?
True
Is 1640535493 a prime number?
False
Is 357119569 prime?
True
Is 518996539 a composite number?
True
Is 350035643 a composite number?
True
Is 155866391 prime?
True
Is 1695377953 composite?
False
Is 21217827581 a prime number?
False
Is 76107005133 composite?
True
Is 66459817339 composite?
False
Is 413385773 prime?
False
Is 1145791519 prime?
False
Is 9101634481 composite?
False
Is 263895726643 prime?
True
Is 6946298083 prime?
False
Is 597883147 composite?
True
Is 1161860633 a composite number?
True
Is 3017522447 a composite number?
False
Is 12663248629 composite?
True
Is 43224788437 a prime number?
True
Is 1927658969 a composite number?
True
Is 68594776343 prime?
True
Is 9571935307 prime?
False
Is 9768206411 prime?
False
Is 12799432991 a prime number?
False
Is 5310788191 composite?
False
Is 2000907439 composite?
True
Is 31905700997 a prime number?
False
Is 754531991 a prime number?
False
Is 71312250733 prime?
True
Is 1973192443 a composite number?
True
Is 1064270377 a prime number?
True
Is 7394093587 composite?
False
Is 725795942 prime?
False
Is 2626583207 a composite number?
False
Is 167043964198 a composite number?
True
Is 11490197 a composite number?
False
Is 1191363727 prime?
True
Is 4808315209 a composite number?
True
Is 1575237299 prime?
True
Is 4278359201 prime?
False
Is 30846200873 composite?
False
Is 6815630321 a prime number?
False
Is 18017159357 a prime number?
True
Is 244727928199 composite?
False
Is 9738961573 a prime number?
False
Is 2063028101 composite?
False
Is 1417287371 a composite number?
True
Is 1640577803 a composite number?
False
Is 6774572801 prime?
False
Is 26558431385 a composite number?
True
Is 126085177 a prime number?
True
Is 51467117683 composite?
True
Is 2999397841 composite?
True
Is 50752612921 composite?
False
Is 1142636897 a composite number?
False
Is 3369026753 a composite number?
True
Is 2180797781 prime?
True
Is 48517321333 a prime number?
False
Is 49759457413 a prime number?
False
Is 7537688209 a composite number?
False
Is 812681999 prime?
True
Is 104602924027 composite?
True
Is 40308129623 a prime number?
True
Is 188243401 composite?
True
Is 8206466617 prime?
True
Is 15550177745 prime?
False
Is 48302869367 a composite number?
False
Is 60466839331 a prime number?
True
Is 310251629 composite?
True
Is 49103106629 a prime number?
False
Is 70893342479 prime?
True
Is 720053587 prime?
False
Is 421822117 prime?
False
Is 941066999 a composite number?
False
Is 667899151 a prime number?
False
Is 244470067 a prime number?
True
Is 13849829377 a prime number?
True
Is 87924012977 a composite number?
False
Is 40286191433 a composite number?
False
Is 591979163 a prime number?
False
Is 566382361 prime?
True
Is 41485463413 a composite number?
False
Is 5874541 a composite number?
True
Is 2047640897 a prime number?
True
Is 3525838709 composite?
True
Is 842590361 a composite number?
False
Is 296677177 a composite number?
False
Is 14279316769 composite?
False
Is 5054064338 a prime number?
False
Is 352088419 a composite number?
False
Is 115805698873 composite?
False
Is 681752485 a prime number?
False
Is 30801084989 prime?
True
Is 5194625731 a prime number?
True
Is 10037132771 composite?
True
Is 426945907 a prime number?
True
Is 6218988137 a prime number?
False
Is 6502153391 composite?
True
Is 19882448629 prime?
True
Is 407630023 a composite number?
False
Is 19988605019 composite?
False
Is 3609808303 composite?
False
Is 17618470141 composite?
False
Is 686247769 prime?
False
Is 25290580369 a prime number?
True
Is 4970284511 a composite number?
False
Is 1130543751 prime?
False
Is 1664307727 prime?
False
Is 15401255551 prime?
False
Is 13216141787 a composite number?
False
Is 46663108229 a prime number?
False
Is 230151041 a prime number?
False
Is 33676243351 a prime number?
True
Is 462906919 composite?
False
Is 508128779 composite?
False
Is 10212886247 composite?
False
Is 93251638437 composite?
True
Is 529910923 prime?
True
Is 1693499447 prime?
False
Is 138959774893 a prime number?
False
Is 1123638449 a composite number?
False
Is 43065101 a composite number?
False
Is 15337335449 composite?
False
Is 29091833917 a composite number?
False
Is 309048189 composite?
True
Is 118854759229 a prime number?
False
Is 4343832199 composite?
True
Is 56808911161 composite?
False
Is 914518421 a composite number?
False
Is 198779155957 a prime number?
False
Is 12333089359 a composite number?
False
Is 81516677 a composite number?
True
Is 31852545833 prime?
True
Is 289923747 a prime number?
False
Is 11369944601 composite?
True
Is 630109481 prime?
True
Is 7290450485 a prime number?
False
Is 7460155463 a composite number?
False
Is 9138019427 a composite number?
True
Is 4145917901 a prime number?
True
Is 392318651 comp